{"id":3348,"date":"2025-06-11T11:43:00","date_gmt":"2025-06-11T07:43:00","guid":{"rendered":"https:\/\/maisonmathilde.mu\/?post_type=product&#038;p=3348"},"modified":"2026-04-21T14:23:04","modified_gmt":"2026-04-21T10:23:04","slug":"recharge-volume-powder-cut-by-fred","status":"publish","type":"product","link":"https:\/\/maisonmathilde.mu\/en\/produit\/recharge-volume-powder-cut-by-fred\/","title":{"rendered":"RECHARGE VOLUME POWDER CUT BY FRED"},"content":{"rendered":"<p data-start=\"551\" data-end=\"601\"><strong data-start=\"551\" data-end=\"601\">Le volume instantan\u00e9, en version z\u00e9ro d\u00e9chet \u2728<\/strong><\/p>\n<p data-start=\"603\" data-end=\"978\">La <strong data-start=\"606\" data-end=\"632\">Recharge Volume Powder<\/strong> de Cut by Fred est la version \u00e9coresponsable de la poudre capillaire culte qui apporte du <strong data-start=\"723\" data-end=\"776\">volume, de la texture et un effet racines propres<\/strong> en un seul geste. Ultra-fine, 100 % d\u2019origine naturelle, cette poudre magique absorbe l\u2019exc\u00e8s de s\u00e9bum, rafra\u00eechit les cheveux entre deux lavages et texturise les racines pour un effet \u201cwavy\u201d imm\u00e9diat.<\/p>\n<p data-start=\"980\" data-end=\"1237\">Con\u00e7ue pour \u00eatre vers\u00e9e dans le <strong data-start=\"1012\" data-end=\"1055\">flacon spray rechargeable Volume Powder<\/strong>, cette recharge limite l\u2019utilisation de plastique tout en gardant le m\u00eame r\u00e9sultat pro. Une solution clean, pratique et \u00e9thique, parfaite pour les chaleurs tropicales de Maurice \ud83c\udf1e.<\/p>\n<p data-start=\"980\" data-end=\"1237\">\u2714\ufe0f Cheveux fins \u00e0 normaux<br data-start=\"2208\" data-end=\"2211\" \/>\u2714\ufe0f Cuir chevelu gras ou manquant de volume<br data-start=\"2253\" data-end=\"2256\" \/>\u2714\ufe0f Id\u00e9ale pour les jours sans shampoing<br data-start=\"2295\" data-end=\"2298\" \/>\u2714\ufe0f Convient \u00e0 tous ceux et celles qui cherchent du <strong data-start=\"2349\" data-end=\"2367\">volume naturel<\/strong>, sans a\u00e9rosol<\/p>\n<p data-start=\"980\" data-end=\"1237\">\ud83c\udf0d Disponible chez <strong data-start=\"2740\" data-end=\"2759\">Maison Mathilde<\/strong>, ton concept store clean beauty \u00e0 l\u2019\u00eele Maurice<\/p>\n","protected":false},"excerpt":{"rendered":"<p>Recharge Volume Powder Cut by Fred : une poudre 100 % naturelle pour un volume instantan\u00e9, sans r\u00e9sidus, \u00e0 base de poudre de riz et d&#8217;argile. Recharge \u00e9coresponsable disponible chez Maison Mathilde \u00e0 Maurice.<\/p>\n","protected":false},"featured_media":3349,"template":"","meta":{"_acf_changed":false},"product_brand":[172],"product_cat":[20,173,68],"product_tag":[],"class_list":{"0":"post-3348","1":"product","2":"type-product","3":"status-publish","4":"has-post-thumbnail","6":"product_brand-cut-by-fred","7":"product_cat-cheveux","8":"product_cat-coiffants-cheveux","9":"product_cat-shampoing","11":"first","12":"instock","13":"shipping-taxable","14":"purchasable","15":"product-type-simple"},"acf":[],"_links":{"self":[{"href":"https:\/\/maisonmathilde.mu\/en\/wp-json\/wp\/v2\/product\/3348","targetHints":{"allow":["GET"]}}],"collection":[{"href":"https:\/\/maisonmathilde.mu\/en\/wp-json\/wp\/v2\/product"}],"about":[{"href":"https:\/\/maisonmathilde.mu\/en\/wp-json\/wp\/v2\/types\/product"}],"version-history":[{"count":2,"href":"https:\/\/maisonmathilde.mu\/en\/wp-json\/wp\/v2\/product\/3348\/revisions"}],"predecessor-version":[{"id":3354,"href":"https:\/\/maisonmathilde.mu\/en\/wp-json\/wp\/v2\/product\/3348\/revisions\/3354"}],"wp:featuredmedia":[{"embeddable":true,"href":"https:\/\/maisonmathilde.mu\/en\/wp-json\/wp\/v2\/media\/3349"}],"wp:attachment":[{"href":"https:\/\/maisonmathilde.mu\/en\/wp-json\/wp\/v2\/media?parent=3348"}],"wp:term":[{"taxonomy":"product_brand","embeddable":true,"href":"https:\/\/maisonmathilde.mu\/en\/wp-json\/wp\/v2\/product_brand?post=3348"},{"taxonomy":"product_cat","embeddable":true,"href":"https:\/\/maisonmathilde.mu\/en\/wp-json\/wp\/v2\/product_cat?post=3348"},{"taxonomy":"product_tag","embeddable":true,"href":"https:\/\/maisonmathilde.mu\/en\/wp-json\/wp\/v2\/product_tag?post=3348"}],"curies":[{"name":"wp","href":"https:\/\/api.w.org\/{rel}","templated":true}]}}

<p data-start="551" data-end="601"><strong data-start="551" data-end="601">Le volume instantané, en version zéro déchet ✨</strong></p>
<p data-start="603" data-end="978">La <strong data-start="606" data-end="632">Recharge Volume Powder</strong> de Cut by Fred est la version écoresponsable de la poudre capillaire culte qui apporte du <strong data-start="723" data-end="776">volume, de la texture et un effet racines propres</strong> en un seul geste. Ultra-fine, 100 % d’origine naturelle, cette poudre magique absorbe l’excès de sébum, rafraîchit les cheveux entre deux lavages et texturise les racines pour un effet “wavy” immédiat.</p>
<p data-start="980" data-end="1237">Conçue pour être versée dans le <strong data-start="1012" data-end="1055">flacon spray rechargeable Volume Powder</strong>, cette recharge limite l’utilisation de plastique tout en gardant le même résultat pro. Une solution clean, pratique et éthique, parfaite pour les chaleurs tropicales de Maurice 🌞.</p>
<p data-start="980" data-end="1237">✔️ Cheveux fins à normaux<br data-start="2208" data-end="2211" />✔️ Cuir chevelu gras ou manquant de volume<br data-start="2253" data-end="2256" />✔️ Idéale pour les jours sans shampoing<br data-start="2295" data-end="2298" />✔️ Convient à tous ceux et celles qui cherchent du <strong data-start="2349" data-end="2367">volume naturel</strong>, sans aérosol</p>
<p data-start="980" data-end="1237">🌍 Disponible chez <strong data-start="2740" data-end="2759">Maison Mathilde</strong>, ton concept store clean beauty à l’île Maurice</p>

<p>Recharge Volume Powder Cut by Fred : une poudre 100 % naturelle pour un volume instantané, sans résidus, à base de poudre de riz et d&#8217;argile. Recharge écoresponsable disponible chez Maison Mathilde à Maurice.</p>
