{"id":3335,"date":"2025-06-11T11:39:38","date_gmt":"2025-06-11T07:39:38","guid":{"rendered":"https:\/\/maisonmathilde.mu\/?post_type=product&#038;p=3335"},"modified":"2026-02-02T11:09:27","modified_gmt":"2026-02-02T07:09:27","slug":"recharge-baby-shampoo-cut-by-fred","status":"publish","type":"product","link":"https:\/\/maisonmathilde.mu\/en\/produit\/recharge-baby-shampoo-cut-by-fred\/","title":{"rendered":"RECHARGE BABY SHAMPOO CUT BY FRED"},"content":{"rendered":"<p data-start=\"556\" data-end=\"618\"><strong data-start=\"556\" data-end=\"618\">La douceur d\u00e8s le premier bain, en version rechargeable \ud83c\udf31<\/strong><\/p>\n<p data-start=\"620\" data-end=\"913\">Le <strong data-start=\"623\" data-end=\"639\">Baby Shampoo<\/strong> de Cut by Fred, maintenant en <strong data-start=\"670\" data-end=\"689\">format recharge<\/strong>, est sp\u00e9cialement formul\u00e9 pour prendre soin des cheveux et du cuir chevelu d\u00e9licat des tout-petits. Gr\u00e2ce \u00e0 sa formule ultra-clean, vegan et 100 % naturelle, il nettoie en douceur sans piquer les yeux, ni dess\u00e9cher la peau.<\/p>\n<p data-start=\"915\" data-end=\"1131\">La texture l\u00e9g\u00e8re et mousseuse se rince facilement, laissant les cheveux <strong data-start=\"988\" data-end=\"1030\">propres, doux et d\u00e9licatement parfum\u00e9s<\/strong>. Son parfum d\u2019origine naturelle, discret et apaisant, est un vrai moment de tendresse \u00e0 chaque bain.<\/p>\n<p data-start=\"1133\" data-end=\"1265\">Avec cette recharge, Cut by Fred s&#8217;engage dans une <strong data-start=\"1184\" data-end=\"1208\">d\u00e9marche z\u00e9ro d\u00e9chet<\/strong> : moins de plastique, plus de soin pour la plan\u00e8te \ud83d\udca7\ud83c\udf0d.<\/p>\n<p data-start=\"1133\" data-end=\"1265\">\u2714\ufe0f Cheveux fins de b\u00e9b\u00e9<br data-start=\"2145\" data-end=\"2148\" \/>\u2714\ufe0f Cuir chevelu fragile, sensible ou r\u00e9actif<br data-start=\"2192\" data-end=\"2195\" \/>\u2714\ufe0f Convient aussi aux enfants et adultes en qu\u00eate de douceur maximale<br data-start=\"2264\" data-end=\"2267\" \/>\u2714\ufe0f Parfait pour un usage quotidien \u00e0 l\u2019\u00eele Maurice, m\u00eame avec l\u2019eau dure ou apr\u00e8s la plage<\/p>\n","protected":false},"excerpt":{"rendered":"<p>Recharge du Baby Shampoo Cut by Fred : un shampoing ultra-doux naturel, vegan et biod\u00e9gradable, id\u00e9al pour laver les cheveux fins et le cuir chevelu sensible des b\u00e9b\u00e9s. Disponible chez Maison Mathilde \u00e0 Maurice.<\/p>\n","protected":false},"featured_media":3339,"template":"","meta":{"_acf_changed":false},"product_brand":[172],"product_cat":[20,68,50],"product_tag":[],"class_list":{"0":"post-3335","1":"product","2":"type-product","3":"status-publish","4":"has-post-thumbnail","6":"product_brand-cut-by-fred","7":"product_cat-cheveux","8":"product_cat-shampoing","9":"product_cat-soins-bebes","11":"first","12":"instock","13":"shipping-taxable","14":"purchasable","15":"product-type-simple"},"acf":[],"_links":{"self":[{"href":"https:\/\/maisonmathilde.mu\/en\/wp-json\/wp\/v2\/product\/3335","targetHints":{"allow":["GET"]}}],"collection":[{"href":"https:\/\/maisonmathilde.mu\/en\/wp-json\/wp\/v2\/product"}],"about":[{"href":"https:\/\/maisonmathilde.mu\/en\/wp-json\/wp\/v2\/types\/product"}],"version-history":[{"count":3,"href":"https:\/\/maisonmathilde.mu\/en\/wp-json\/wp\/v2\/product\/3335\/revisions"}],"predecessor-version":[{"id":3347,"href":"https:\/\/maisonmathilde.mu\/en\/wp-json\/wp\/v2\/product\/3335\/revisions\/3347"}],"wp:featuredmedia":[{"embeddable":true,"href":"https:\/\/maisonmathilde.mu\/en\/wp-json\/wp\/v2\/media\/3339"}],"wp:attachment":[{"href":"https:\/\/maisonmathilde.mu\/en\/wp-json\/wp\/v2\/media?parent=3335"}],"wp:term":[{"taxonomy":"product_brand","embeddable":true,"href":"https:\/\/maisonmathilde.mu\/en\/wp-json\/wp\/v2\/product_brand?post=3335"},{"taxonomy":"product_cat","embeddable":true,"href":"https:\/\/maisonmathilde.mu\/en\/wp-json\/wp\/v2\/product_cat?post=3335"},{"taxonomy":"product_tag","embeddable":true,"href":"https:\/\/maisonmathilde.mu\/en\/wp-json\/wp\/v2\/product_tag?post=3335"}],"curies":[{"name":"wp","href":"https:\/\/api.w.org\/{rel}","templated":true}]}}

<p data-start="556" data-end="618"><strong data-start="556" data-end="618">La douceur dès le premier bain, en version rechargeable 🌱</strong></p>
<p data-start="620" data-end="913">Le <strong data-start="623" data-end="639">Baby Shampoo</strong> de Cut by Fred, maintenant en <strong data-start="670" data-end="689">format recharge</strong>, est spécialement formulé pour prendre soin des cheveux et du cuir chevelu délicat des tout-petits. Grâce à sa formule ultra-clean, vegan et 100 % naturelle, il nettoie en douceur sans piquer les yeux, ni dessécher la peau.</p>
<p data-start="915" data-end="1131">La texture légère et mousseuse se rince facilement, laissant les cheveux <strong data-start="988" data-end="1030">propres, doux et délicatement parfumés</strong>. Son parfum d’origine naturelle, discret et apaisant, est un vrai moment de tendresse à chaque bain.</p>
<p data-start="1133" data-end="1265">Avec cette recharge, Cut by Fred s&#8217;engage dans une <strong data-start="1184" data-end="1208">démarche zéro déchet</strong> : moins de plastique, plus de soin pour la planète 💧🌍.</p>
<p data-start="1133" data-end="1265">✔️ Cheveux fins de bébé<br data-start="2145" data-end="2148" />✔️ Cuir chevelu fragile, sensible ou réactif<br data-start="2192" data-end="2195" />✔️ Convient aussi aux enfants et adultes en quête de douceur maximale<br data-start="2264" data-end="2267" />✔️ Parfait pour un usage quotidien à l’île Maurice, même avec l’eau dure ou après la plage</p>

<p>Recharge du Baby Shampoo Cut by Fred : un shampoing ultra-doux naturel, vegan et biodégradable, idéal pour laver les cheveux fins et le cuir chevelu sensible des bébés. Disponible chez Maison Mathilde à Maurice.</p>
