{"id":3224,"date":"2025-06-10T12:01:16","date_gmt":"2025-06-10T08:01:16","guid":{"rendered":"https:\/\/maisonmathilde.mu\/?post_type=product&#038;p=3224"},"modified":"2026-03-23T14:25:11","modified_gmt":"2026-03-23T10:25:11","slug":"vegan-wake-up-curl-day-2-cut-by-fred","status":"publish","type":"product","link":"https:\/\/maisonmathilde.mu\/en\/produit\/vegan-wake-up-curl-day-2-cut-by-fred\/","title":{"rendered":"VEGAN WAKE UP CURL DAY 2 CUT BY FRED"},"content":{"rendered":"<p data-start=\"495\" data-end=\"838\"><strong data-start=\"495\" data-end=\"569\">Des boucles comme au premier jour, sans rin\u00e7age, en quelques pschitts.<\/strong><br data-start=\"569\" data-end=\"572\" \/>Le <strong data-start=\"575\" data-end=\"603\">Vegan Wake Up Curl Day 2<\/strong> de Cut by Fred est un spray revitalisant con\u00e7u pour reformer les boucles les <strong data-start=\"681\" data-end=\"712\">jours suivants le shampoing<\/strong>, lorsque les ondulations ont perdu de leur rebond. Parfait pour raviver les cheveux le matin ou \u00e0 tout moment de la journ\u00e9e !<\/p>\n<p data-start=\"840\" data-end=\"1128\">Sa formule naturelle \u00e0 <strong data-start=\"863\" data-end=\"905\">98 % d\u2019ingr\u00e9dients d\u2019origine naturelle<\/strong> hydrate, galbe, adoucit et redonne de l\u2019\u00e9clat \u00e0 vos cheveux tout en sublimant vos boucles sans les alourdir ni les coller. Un <strong data-start=\"1032\" data-end=\"1069\">indispensable de la routine curly<\/strong>, \u00e0 utiliser en compl\u00e9ment du Curl Gel et de la Curl Cream.<\/p>\n<p data-start=\"1130\" data-end=\"1263\">\ud83c\udf38 Bonus sensoriel : son parfum naturel de <strong data-start=\"1173\" data-end=\"1192\">fleur d\u2019oranger<\/strong> transforme chaque application en un moment de douceur et de fra\u00eecheur.<\/p>\n<p data-start=\"2592\" data-end=\"2692\">\u2714 Tous les cheveux <strong data-start=\"2611\" data-end=\"2632\">ondul\u00e9s \u00e0 boucl\u00e9s<\/strong><br data-start=\"2632\" data-end=\"2635\" \/>\u2714 Typologies capillaires : <strong data-start=\"2662\" data-end=\"2668\">2A<\/strong>, <strong data-start=\"2670\" data-end=\"2676\">2B<\/strong>, <strong data-start=\"2678\" data-end=\"2684\">2C<\/strong>, <strong data-start=\"2686\" data-end=\"2692\">3A<\/strong><\/p>\n<p data-start=\"2694\" data-end=\"2719\">Ce spray est parfait si :<\/p>\n<ul data-start=\"2720\" data-end=\"2912\">\n<li data-start=\"2720\" data-end=\"2770\">\n<p data-start=\"2722\" data-end=\"2770\">Vos boucles sont aplaties ou froiss\u00e9es au r\u00e9veil<\/p>\n<\/li>\n<li data-start=\"2771\" data-end=\"2839\">\n<p data-start=\"2773\" data-end=\"2839\">Vous souhaitez rafra\u00eechir votre coiffure sans refaire un shampoing<\/p>\n<\/li>\n<li data-start=\"2840\" data-end=\"2912\">\n<p data-start=\"2842\" data-end=\"2912\">Vous aimez les soins sensoriels \u00e0 base de plantes et d\u2019actifs naturels<\/p>\n<\/li>\n<\/ul>\n","protected":false},"excerpt":{"rendered":"<p>R\u00e9veillez vos boucles en douceur avec le spray Cut by Fred ! Le Vegan Wake Up Curl Day 2 hydrate, redessine et fait briller les boucles apr\u00e8s le shampoing. Disponible chez Maison Mathilde \u00e0 l&#8217;\u00eele Maurice.<\/p>\n","protected":false},"featured_media":3225,"template":"","meta":{"_acf_changed":false},"product_brand":[172],"product_cat":[20,173],"product_tag":[],"class_list":{"0":"post-3224","1":"product","2":"type-product","3":"status-publish","4":"has-post-thumbnail","6":"product_brand-cut-by-fred","7":"product_cat-cheveux","8":"product_cat-coiffants-cheveux","10":"first","11":"instock","12":"sale","13":"shipping-taxable","14":"purchasable","15":"product-type-simple"},"acf":[],"_links":{"self":[{"href":"https:\/\/maisonmathilde.mu\/en\/wp-json\/wp\/v2\/product\/3224","targetHints":{"allow":["GET"]}}],"collection":[{"href":"https:\/\/maisonmathilde.mu\/en\/wp-json\/wp\/v2\/product"}],"about":[{"href":"https:\/\/maisonmathilde.mu\/en\/wp-json\/wp\/v2\/types\/product"}],"version-history":[{"count":2,"href":"https:\/\/maisonmathilde.mu\/en\/wp-json\/wp\/v2\/product\/3224\/revisions"}],"predecessor-version":[{"id":3232,"href":"https:\/\/maisonmathilde.mu\/en\/wp-json\/wp\/v2\/product\/3224\/revisions\/3232"}],"wp:featuredmedia":[{"embeddable":true,"href":"https:\/\/maisonmathilde.mu\/en\/wp-json\/wp\/v2\/media\/3225"}],"wp:attachment":[{"href":"https:\/\/maisonmathilde.mu\/en\/wp-json\/wp\/v2\/media?parent=3224"}],"wp:term":[{"taxonomy":"product_brand","embeddable":true,"href":"https:\/\/maisonmathilde.mu\/en\/wp-json\/wp\/v2\/product_brand?post=3224"},{"taxonomy":"product_cat","embeddable":true,"href":"https:\/\/maisonmathilde.mu\/en\/wp-json\/wp\/v2\/product_cat?post=3224"},{"taxonomy":"product_tag","embeddable":true,"href":"https:\/\/maisonmathilde.mu\/en\/wp-json\/wp\/v2\/product_tag?post=3224"}],"curies":[{"name":"wp","href":"https:\/\/api.w.org\/{rel}","templated":true}]}}

<p data-start="495" data-end="838"><strong data-start="495" data-end="569">Des boucles comme au premier jour, sans rinçage, en quelques pschitts.</strong><br data-start="569" data-end="572" />Le <strong data-start="575" data-end="603">Vegan Wake Up Curl Day 2</strong> de Cut by Fred est un spray revitalisant conçu pour reformer les boucles les <strong data-start="681" data-end="712">jours suivants le shampoing</strong>, lorsque les ondulations ont perdu de leur rebond. Parfait pour raviver les cheveux le matin ou à tout moment de la journée !</p>
<p data-start="840" data-end="1128">Sa formule naturelle à <strong data-start="863" data-end="905">98 % d’ingrédients d’origine naturelle</strong> hydrate, galbe, adoucit et redonne de l’éclat à vos cheveux tout en sublimant vos boucles sans les alourdir ni les coller. Un <strong data-start="1032" data-end="1069">indispensable de la routine curly</strong>, à utiliser en complément du Curl Gel et de la Curl Cream.</p>
<p data-start="1130" data-end="1263">🌸 Bonus sensoriel : son parfum naturel de <strong data-start="1173" data-end="1192">fleur d’oranger</strong> transforme chaque application en un moment de douceur et de fraîcheur.</p>
<p data-start="2592" data-end="2692">✔ Tous les cheveux <strong data-start="2611" data-end="2632">ondulés à bouclés</strong><br data-start="2632" data-end="2635" />✔ Typologies capillaires : <strong data-start="2662" data-end="2668">2A</strong>, <strong data-start="2670" data-end="2676">2B</strong>, <strong data-start="2678" data-end="2684">2C</strong>, <strong data-start="2686" data-end="2692">3A</strong></p>
<p data-start="2694" data-end="2719">Ce spray est parfait si :</p>
<ul data-start="2720" data-end="2912">
<li data-start="2720" data-end="2770">
<p data-start="2722" data-end="2770">Vos boucles sont aplaties ou froissées au réveil</p>
</li>
<li data-start="2771" data-end="2839">
<p data-start="2773" data-end="2839">Vous souhaitez rafraîchir votre coiffure sans refaire un shampoing</p>
</li>
<li data-start="2840" data-end="2912">
<p data-start="2842" data-end="2912">Vous aimez les soins sensoriels à base de plantes et d’actifs naturels</p>
</li>
</ul>

<p>Réveillez vos boucles en douceur avec le spray Cut by Fred ! Le Vegan Wake Up Curl Day 2 hydrate, redessine et fait briller les boucles après le shampoing. Disponible chez Maison Mathilde à l&#8217;île Maurice.</p>
