{"id":1242,"date":"2025-03-08T14:36:15","date_gmt":"2025-03-08T14:36:15","guid":{"rendered":"https:\/\/maisonmathilde.artover.fr\/produit\/serum-hydratant-30-ml\/"},"modified":"2025-12-22T11:01:27","modified_gmt":"2025-12-22T07:01:27","slug":"serum-hydratant-oden-maurice","status":"publish","type":"product","link":"https:\/\/maisonmathilde.mu\/en\/produit\/serum-hydratant-oden-maurice\/","title":{"rendered":"S\u00e9rum hydratant 30 ml &#8211; ODEN"},"content":{"rendered":"<h3 data-start=\"179\" data-end=\"262\">\ud83c\udf31 <strong data-start=\"186\" data-end=\"259\">S\u00e9rum Hydratant Oden \u00e0 l&#8217;Aloe Vera &#8211; Le Boost D&#8217;Hydratation Naturel !<\/strong> \ud83c\udf31<\/h3>\n<p data-start=\"264\" data-end=\"768\"><strong data-start=\"264\" data-end=\"291\">Le S\u00e9rum Hydratant Oden<\/strong> est un soin <strong data-start=\"304\" data-end=\"335\">ultra-hydratant et apaisant<\/strong> qui allie la fra\u00eecheur de <strong data-start=\"362\" data-end=\"381\">l&#8217;Aloe Vera bio<\/strong> et l&#8217;expertise d&#8217;Oden pour apporter \u00e0 votre peau une <strong data-start=\"435\" data-end=\"469\">hydratation intense et durable<\/strong>. Sa formule l\u00e9g\u00e8re et fluide p\u00e9n\u00e8tre rapidement, <strong data-start=\"519\" data-end=\"534\">nourrissant<\/strong> et <strong data-start=\"538\" data-end=\"550\">r\u00e9parant<\/strong> les peaux les plus s\u00e8ches et sensibles. Gr\u00e2ce \u00e0 l&#8217;Aloe Vera, ce s\u00e9rum apporte <strong data-start=\"629\" data-end=\"640\">douceur<\/strong>, <strong data-start=\"642\" data-end=\"655\">fra\u00eecheur<\/strong> et une sensation de peau <strong data-start=\"681\" data-end=\"696\">revitalis\u00e9e<\/strong>, id\u00e9ale pour un <strong data-start=\"713\" data-end=\"731\">teint lumineux<\/strong> et bien hydrat\u00e9 toute la journ\u00e9e. \ud83c\udf3f<\/p>\n<h3 data-start=\"770\" data-end=\"831\">\ud83c\udf1f <strong data-start=\"777\" data-end=\"828\">Bienfaits du S\u00e9rum Hydratant Oden \u00e0 l&#8217;Aloe Vera<\/strong> \ud83c\udf1f<\/h3>\n<ul data-start=\"832\" data-end=\"1540\">\n<li data-start=\"832\" data-end=\"993\"><strong data-start=\"834\" data-end=\"858\">Hydratation profonde<\/strong> : L&#8217;Aloe Vera bio agit comme un <strong data-start=\"891\" data-end=\"918\">agent hydratant naturel<\/strong>, apportant \u00e0 votre peau l&#8217;eau n\u00e9cessaire pour <strong data-start=\"965\" data-end=\"992\">maintenir son \u00e9quilibre<\/strong>.<\/li>\n<li data-start=\"994\" data-end=\"1135\"><strong data-start=\"996\" data-end=\"1021\">Apaisant &amp; R\u00e9parateur<\/strong> : Apaisant pour les peaux s\u00e8ches, irrit\u00e9es ou sensibles, il aide \u00e0 calmer les <strong data-start=\"1100\" data-end=\"1112\">rougeurs<\/strong> et les <strong data-start=\"1120\" data-end=\"1134\">inconforts<\/strong>.<\/li>\n<li data-start=\"1136\" data-end=\"1293\"><strong data-start=\"1138\" data-end=\"1159\">Absorption rapide<\/strong> : Sa texture l\u00e9g\u00e8re ne laisse pas de film gras et permet une <strong data-start=\"1221\" data-end=\"1243\">p\u00e9n\u00e9tration rapide<\/strong>, id\u00e9ale avant d&#8217;appliquer votre cr\u00e8me hydratante.<\/li>\n<li data-start=\"1294\" data-end=\"1435\"><strong data-start=\"1296\" data-end=\"1313\">Soin anti-\u00e2ge<\/strong> : L&#8217;Aloe Vera stimule la r\u00e9g\u00e9n\u00e9ration de la peau, r\u00e9duisant l&#8217;apparence des <strong data-start=\"1390\" data-end=\"1405\">rides fines<\/strong> et des <strong data-start=\"1413\" data-end=\"1434\">signes de fatigue<\/strong>.<\/li>\n<li data-start=\"1436\" data-end=\"1540\"><strong data-start=\"1438\" data-end=\"1475\">Convient \u00e0 tous les types de peau<\/strong> : Parfait pour les peaux normales, s\u00e8ches, sensibles ou matures.<\/li>\n<\/ul>\n","protected":false},"excerpt":{"rendered":"<h3 data-start=\"179\" data-end=\"262\">\ud83c\udf31 <strong data-start=\"186\" data-end=\"259\">S\u00e9rum Hydratant Oden \u00e0 l&#8217;Aloe Vera &#8211; Le Boost D&#8217;Hydratation Naturel !<\/strong> \ud83c\udf31<\/h3>\n<p data-start=\"264\" data-end=\"768\"><strong data-start=\"264\" data-end=\"291\">Le S\u00e9rum Hydratant Oden<\/strong> est un soin <strong data-start=\"304\" data-end=\"335\">ultra-hydratant et apaisant<\/strong> qui allie la fra\u00eecheur de <strong data-start=\"362\" data-end=\"381\">l&#8217;Aloe Vera bio<\/strong> et l&#8217;expertise d&#8217;Oden pour apporter \u00e0 votre peau une <strong data-start=\"435\" data-end=\"469\">hydratation intense et durable<\/strong>. Sa formule l\u00e9g\u00e8re et fluide p\u00e9n\u00e8tre rapidement, <strong data-start=\"519\" data-end=\"534\">nourrissant<\/strong> et <strong data-start=\"538\" data-end=\"550\">r\u00e9parant<\/strong> les peaux les plus s\u00e8ches et sensibles. Gr\u00e2ce \u00e0 l&#8217;Aloe Vera, ce s\u00e9rum apporte <strong data-start=\"629\" data-end=\"640\">douceur<\/strong>, <strong data-start=\"642\" data-end=\"655\">fra\u00eecheur<\/strong> et une sensation de peau <strong data-start=\"681\" data-end=\"696\">revitalis\u00e9e<\/strong>, id\u00e9ale pour un <strong data-start=\"713\" data-end=\"731\">teint lumineux<\/strong> et bien hydrat\u00e9 toute la journ\u00e9e. \ud83c\udf3f<\/p>\n","protected":false},"featured_media":973,"template":"","meta":{"_acf_changed":false},"product_brand":[38],"product_cat":[51,21],"product_tag":[119,107,125,116,117,115,121,122,124,118,106,123,120],"class_list":{"0":"post-1242","1":"product","2":"type-product","3":"status-publish","4":"has-post-thumbnail","6":"product_brand-oden","7":"product_cat-serums-visages","8":"product_cat-visage","9":"product_tag-aloe-vera-bio","10":"product_tag-clean-beauty","11":"product_tag-cosmetiques-bio","12":"product_tag-maurice","13":"product_tag-mauritius","14":"product_tag-oden","15":"product_tag-peau-sensible","16":"product_tag-serum-apaisant","17":"product_tag-serum-bio","18":"product_tag-serum-hydratant","19":"product_tag-skincare-maurice","20":"product_tag-soin-naturel-hydratation","21":"product_tag-soins-visage-hydratants","23":"first","24":"outofstock","25":"purchasable","26":"product-type-simple"},"acf":[],"_links":{"self":[{"href":"https:\/\/maisonmathilde.mu\/en\/wp-json\/wp\/v2\/product\/1242","targetHints":{"allow":["GET"]}}],"collection":[{"href":"https:\/\/maisonmathilde.mu\/en\/wp-json\/wp\/v2\/product"}],"about":[{"href":"https:\/\/maisonmathilde.mu\/en\/wp-json\/wp\/v2\/types\/product"}],"version-history":[{"count":6,"href":"https:\/\/maisonmathilde.mu\/en\/wp-json\/wp\/v2\/product\/1242\/revisions"}],"predecessor-version":[{"id":2170,"href":"https:\/\/maisonmathilde.mu\/en\/wp-json\/wp\/v2\/product\/1242\/revisions\/2170"}],"wp:featuredmedia":[{"embeddable":true,"href":"https:\/\/maisonmathilde.mu\/en\/wp-json\/wp\/v2\/media\/973"}],"wp:attachment":[{"href":"https:\/\/maisonmathilde.mu\/en\/wp-json\/wp\/v2\/media?parent=1242"}],"wp:term":[{"taxonomy":"product_brand","embeddable":true,"href":"https:\/\/maisonmathilde.mu\/en\/wp-json\/wp\/v2\/product_brand?post=1242"},{"taxonomy":"product_cat","embeddable":true,"href":"https:\/\/maisonmathilde.mu\/en\/wp-json\/wp\/v2\/product_cat?post=1242"},{"taxonomy":"product_tag","embeddable":true,"href":"https:\/\/maisonmathilde.mu\/en\/wp-json\/wp\/v2\/product_tag?post=1242"}],"curies":[{"name":"wp","href":"https:\/\/api.w.org\/{rel}","templated":true}]}}

Sérum hydratant 30 ml &#8211; ODEN

<h3 data-start="179" data-end="262">🌱 <strong data-start="186" data-end="259">Sérum Hydratant Oden à l&#8217;Aloe Vera &#8211; Le Boost D&#8217;Hydratation Naturel !</strong> 🌱</h3>
<p data-start="264" data-end="768"><strong data-start="264" data-end="291">Le Sérum Hydratant Oden</strong> est un soin <strong data-start="304" data-end="335">ultra-hydratant et apaisant</strong> qui allie la fraîcheur de <strong data-start="362" data-end="381">l&#8217;Aloe Vera bio</strong> et l&#8217;expertise d&#8217;Oden pour apporter à votre peau une <strong data-start="435" data-end="469">hydratation intense et durable</strong>. Sa formule légère et fluide pénètre rapidement, <strong data-start="519" data-end="534">nourrissant</strong> et <strong data-start="538" data-end="550">réparant</strong> les peaux les plus sèches et sensibles. Grâce à l&#8217;Aloe Vera, ce sérum apporte <strong data-start="629" data-end="640">douceur</strong>, <strong data-start="642" data-end="655">fraîcheur</strong> et une sensation de peau <strong data-start="681" data-end="696">revitalisée</strong>, idéale pour un <strong data-start="713" data-end="731">teint lumineux</strong> et bien hydraté toute la journée. 🌿</p>
<h3 data-start="770" data-end="831">🌟 <strong data-start="777" data-end="828">Bienfaits du Sérum Hydratant Oden à l&#8217;Aloe Vera</strong> 🌟</h3>
<ul data-start="832" data-end="1540">
<li data-start="832" data-end="993"><strong data-start="834" data-end="858">Hydratation profonde</strong> : L&#8217;Aloe Vera bio agit comme un <strong data-start="891" data-end="918">agent hydratant naturel</strong>, apportant à votre peau l&#8217;eau nécessaire pour <strong data-start="965" data-end="992">maintenir son équilibre</strong>.</li>
<li data-start="994" data-end="1135"><strong data-start="996" data-end="1021">Apaisant &amp; Réparateur</strong> : Apaisant pour les peaux sèches, irritées ou sensibles, il aide à calmer les <strong data-start="1100" data-end="1112">rougeurs</strong> et les <strong data-start="1120" data-end="1134">inconforts</strong>.</li>
<li data-start="1136" data-end="1293"><strong data-start="1138" data-end="1159">Absorption rapide</strong> : Sa texture légère ne laisse pas de film gras et permet une <strong data-start="1221" data-end="1243">pénétration rapide</strong>, idéale avant d&#8217;appliquer votre crème hydratante.</li>
<li data-start="1294" data-end="1435"><strong data-start="1296" data-end="1313">Soin anti-âge</strong> : L&#8217;Aloe Vera stimule la régénération de la peau, réduisant l&#8217;apparence des <strong data-start="1390" data-end="1405">rides fines</strong> et des <strong data-start="1413" data-end="1434">signes de fatigue</strong>.</li>
<li data-start="1436" data-end="1540"><strong data-start="1438" data-end="1475">Convient à tous les types de peau</strong> : Parfait pour les peaux normales, sèches, sensibles ou matures.</li>
</ul>

<h3 data-start="179" data-end="262">🌱 <strong data-start="186" data-end="259">Sérum Hydratant Oden à l&#8217;Aloe Vera &#8211; Le Boost D&#8217;Hydratation Naturel !</strong> 🌱</h3>
<p data-start="264" data-end="768"><strong data-start="264" data-end="291">Le Sérum Hydratant Oden</strong> est un soin <strong data-start="304" data-end="335">ultra-hydratant et apaisant</strong> qui allie la fraîcheur de <strong data-start="362" data-end="381">l&#8217;Aloe Vera bio</strong> et l&#8217;expertise d&#8217;Oden pour apporter à votre peau une <strong data-start="435" data-end="469">hydratation intense et durable</strong>. Sa formule légère et fluide pénètre rapidement, <strong data-start="519" data-end="534">nourrissant</strong> et <strong data-start="538" data-end="550">réparant</strong> les peaux les plus sèches et sensibles. Grâce à l&#8217;Aloe Vera, ce sérum apporte <strong data-start="629" data-end="640">douceur</strong>, <strong data-start="642" data-end="655">fraîcheur</strong> et une sensation de peau <strong data-start="681" data-end="696">revitalisée</strong>, idéale pour un <strong data-start="713" data-end="731">teint lumineux</strong> et bien hydraté toute la journée. 🌿</p>
