{"id":1208,"date":"2025-03-08T14:36:04","date_gmt":"2025-03-08T14:36:04","guid":{"rendered":"https:\/\/maisonmathilde.artover.fr\/produit\/brume-botanique-verveine-50-ml\/"},"modified":"2026-02-02T12:48:06","modified_gmt":"2026-02-02T08:48:06","slug":"brume-botanique-verveine-50-ml","status":"publish","type":"product","link":"https:\/\/maisonmathilde.mu\/en\/produit\/brume-botanique-verveine-50-ml\/","title":{"rendered":"Brume botanique\u00a0Verveine 50 ml"},"content":{"rendered":"<p>La Brume Botanique Verveine fran\u00e7aise <strong>hydrate<\/strong> et <strong>tonifie<\/strong> tout type de peau.<\/p>\n<p>Les hydrolats de Verveine, Menthe Poivr\u00e9e et Lavande sont reconnus pour leurs propri\u00e9t\u00e9s :<\/p>\n<p>\u2714\ufe0f <span style=\"text-decoration: underline;\">Hydratante<\/span> : <strong>hydrate<\/strong> la peau en profondeur<\/p>\n<p>\u2714\ufe0f <span style=\"text-decoration: underline;\">Tonifiante<\/span> : <strong>tonifie<\/strong> la peau et r\u00e9veille son \u00e9clat<\/p>\n<p>\u2714\ufe0f <span style=\"text-decoration: underline;\">Anti-inflammatoire<\/span> : <strong>apaise<\/strong> les inflammations cutan\u00e9es<\/p>\n<p>Tout en procurant une <strong>sensation de fra\u00eecheur \u00e0 la peau<\/strong>, son odeur de verveine citronn\u00e9e vous transporte dans le Sud de la France.<\/p>\n<p><span style=\"text-decoration: underline;\">Types de peau<\/span> :<br \/>\n\u2705 Peaux sensibles<br \/>\n\u2705 Peaux s\u00e8ches<br \/>\n\u2705 Peaux d\u00e9shydrat\u00e9es<br \/>\n\u2705 Peaux ternes<br \/>\n\u2705 Peaux sujettes aux rougeurs ou inflammations<\/p>\n<p>Ecocertification \/ 100% naturel \/ Vegan \/ 100% issu de l&#8217;agriculture biologique \/ 100% FRAN\u00c7AIS \ud83c\uddeb\ud83c\uddf7<\/p>\n<p>Toutes les plantes sont issues de l\u2019Agriculture Biologique Fran\u00e7aise.<\/p>\n","protected":false},"excerpt":{"rendered":"<p>La Brume Botanique Verveine fran\u00e7aise <strong>hydrate<\/strong> et <strong>tonifie<\/strong> tout type de peau.<\/p>\n<p><span style=\"text-decoration: underline;\">Types de peau<\/span> :<br \/>\n\u2705 Peaux sensibles<br \/>\n\u2705 Peaux s\u00e8ches<br \/>\n\u2705 Peaux d\u00e9shydrat\u00e9es<br \/>\n\u2705 Peaux ternes<br \/>\n\u2705 Peaux sujettes aux rougeurs ou inflammations<\/p>\n","protected":false},"featured_media":921,"template":"","meta":{"_acf_changed":false},"product_brand":[38],"product_cat":[52,21],"product_tag":[],"class_list":{"0":"post-1208","1":"product","2":"type-product","3":"status-publish","4":"has-post-thumbnail","6":"product_brand-oden","7":"product_cat-brumes-et-toniques","8":"product_cat-visage","10":"first","11":"outofstock","12":"purchasable","13":"product-type-simple"},"acf":[],"_links":{"self":[{"href":"https:\/\/maisonmathilde.mu\/en\/wp-json\/wp\/v2\/product\/1208","targetHints":{"allow":["GET"]}}],"collection":[{"href":"https:\/\/maisonmathilde.mu\/en\/wp-json\/wp\/v2\/product"}],"about":[{"href":"https:\/\/maisonmathilde.mu\/en\/wp-json\/wp\/v2\/types\/product"}],"version-history":[{"count":3,"href":"https:\/\/maisonmathilde.mu\/en\/wp-json\/wp\/v2\/product\/1208\/revisions"}],"predecessor-version":[{"id":2205,"href":"https:\/\/maisonmathilde.mu\/en\/wp-json\/wp\/v2\/product\/1208\/revisions\/2205"}],"wp:featuredmedia":[{"embeddable":true,"href":"https:\/\/maisonmathilde.mu\/en\/wp-json\/wp\/v2\/media\/921"}],"wp:attachment":[{"href":"https:\/\/maisonmathilde.mu\/en\/wp-json\/wp\/v2\/media?parent=1208"}],"wp:term":[{"taxonomy":"product_brand","embeddable":true,"href":"https:\/\/maisonmathilde.mu\/en\/wp-json\/wp\/v2\/product_brand?post=1208"},{"taxonomy":"product_cat","embeddable":true,"href":"https:\/\/maisonmathilde.mu\/en\/wp-json\/wp\/v2\/product_cat?post=1208"},{"taxonomy":"product_tag","embeddable":true,"href":"https:\/\/maisonmathilde.mu\/en\/wp-json\/wp\/v2\/product_tag?post=1208"}],"curies":[{"name":"wp","href":"https:\/\/api.w.org\/{rel}","templated":true}]}}

<p>La Brume Botanique Verveine française <strong>hydrate</strong> et <strong>tonifie</strong> tout type de peau.</p>
<p>Les hydrolats de Verveine, Menthe Poivrée et Lavande sont reconnus pour leurs propriétés :</p>
<p>✔️ <span style="text-decoration: underline;">Hydratante</span> : <strong>hydrate</strong> la peau en profondeur</p>
<p>✔️ <span style="text-decoration: underline;">Tonifiante</span> : <strong>tonifie</strong> la peau et réveille son éclat</p>
<p>✔️ <span style="text-decoration: underline;">Anti-inflammatoire</span> : <strong>apaise</strong> les inflammations cutanées</p>
<p>Tout en procurant une <strong>sensation de fraîcheur à la peau</strong>, son odeur de verveine citronnée vous transporte dans le Sud de la France.</p>
<p><span style="text-decoration: underline;">Types de peau</span> :<br />
✅ Peaux sensibles<br />
✅ Peaux sèches<br />
✅ Peaux déshydratées<br />
✅ Peaux ternes<br />
✅ Peaux sujettes aux rougeurs ou inflammations</p>
<p>Ecocertification / 100% naturel / Vegan / 100% issu de l&#8217;agriculture biologique / 100% FRANÇAIS 🇫🇷</p>
<p>Toutes les plantes sont issues de l’Agriculture Biologique Française.</p>

<p>La Brume Botanique Verveine française <strong>hydrate</strong> et <strong>tonifie</strong> tout type de peau.</p>
<p><span style="text-decoration: underline;">Types de peau</span> :<br />
✅ Peaux sensibles<br />
✅ Peaux sèches<br />
✅ Peaux déshydratées<br />
✅ Peaux ternes<br />
✅ Peaux sujettes aux rougeurs ou inflammations</p>
