{"id":1118,"date":"2025-03-08T14:35:21","date_gmt":"2025-03-08T14:35:21","guid":{"rendered":"https:\/\/maisonmathilde.artover.fr\/produit\/ombre-a-paupieres-004-prune-minerale\/"},"modified":"2026-03-31T11:52:46","modified_gmt":"2026-03-31T07:52:46","slug":"ombre-a-paupieres-004-prune-minerale","status":"publish","type":"product","link":"https:\/\/maisonmathilde.mu\/en\/produit\/ombre-a-paupieres-004-prune-minerale\/","title":{"rendered":"Ombre \u00e0 paupi\u00e8res 004 Prune Min\u00e9rale"},"content":{"rendered":"<p>L\u2019Ombre \u00e0 paupi\u00e8res Prune Min\u00e9rale d\u2019Eclo, aux <strong>cires v\u00e9g\u00e9tales<\/strong> et \u00e0 <strong>l\u2019huile de chanvre bio de Bretagne<\/strong>, connu pour ses propri\u00e9t\u00e9s <strong>hydratantes<\/strong> et <strong>r\u00e9g\u00e9n\u00e9rantes<\/strong> apportant <strong>douceur et \u00e9lasticit\u00e9<\/strong> \u00e0 la peau.<\/p>\n<p>Une ombre aux teintes de <strong>prune profonde<\/strong> \u00e0 la subtile touche de marron. Une teinte de prune qui <strong>convient \u00e0 tous les regards<\/strong>.<\/p>\n<p>Cette Ombre \u00e0 paupi\u00e8res vous procurera une <strong>exp\u00e9rience sensorielle unique<\/strong> gr\u00e2ce \u00e0 sa formule <strong>semi-solide<\/strong> \u00e0 base de cire v\u00e9g\u00e9tale. Une fois chauff\u00e9e, sa texture se fondra instantan\u00e9ment sur vos paupi\u00e8res.<\/p>\n<p>Habillez votre regard d\u2019une <strong>teinte universelle inspir\u00e9e de la nature<\/strong>. Un regard sublim\u00e9 et intensifi\u00e9 en un geste, au fini mat ou iris\u00e9.<\/p>\n<p>&nbsp;<\/p>\n<p><strong>1 pot Eclo = 10g de produit, soit 1 an minimum pour une utilisation quotidienne.<\/strong><\/p>\n<p>100% d&#8217;origine naturelle. Bio. Vegan. Sans test sur les animaux. Certifi\u00e9 Cosmos Organic par Ecocert Greenlife. Made in France \ud83c\uddeb\ud83c\uddf7<\/p>\n","protected":false},"excerpt":{"rendered":"<p>L\u2019Ombre \u00e0 paupi\u00e8res Prune Min\u00e9rale d\u2019Eclo, aux <strong>cires v\u00e9g\u00e9tales<\/strong> et \u00e0 <strong>l\u2019huile de chanvre bio de Bretagne<\/strong>, connu pour ses propri\u00e9t\u00e9s <strong>hydratantes<\/strong> et <strong>r\u00e9g\u00e9n\u00e9rantes<\/strong> apportant <strong>douceur et \u00e9lasticit\u00e9<\/strong> \u00e0 la peau.<\/p>\n<p>Une ombre aux teintes de <strong>prune profonde<\/strong> \u00e0 la subtile touche de marron. Une teinte de prune qui <strong>convient \u00e0 tous les regards<\/strong>.<\/p>\n","protected":false},"featured_media":807,"template":"","meta":{"_acf_changed":false},"product_brand":[34],"product_cat":[35,60],"product_tag":[],"class_list":{"0":"post-1118","1":"product","2":"type-product","3":"status-publish","4":"has-post-thumbnail","6":"product_brand-eclo","7":"product_cat-maquillage","8":"product_cat-ombres-a-paupieres","10":"first","11":"instock","12":"sale","13":"purchasable","14":"product-type-simple"},"acf":[],"_links":{"self":[{"href":"https:\/\/maisonmathilde.mu\/en\/wp-json\/wp\/v2\/product\/1118","targetHints":{"allow":["GET"]}}],"collection":[{"href":"https:\/\/maisonmathilde.mu\/en\/wp-json\/wp\/v2\/product"}],"about":[{"href":"https:\/\/maisonmathilde.mu\/en\/wp-json\/wp\/v2\/types\/product"}],"version-history":[{"count":4,"href":"https:\/\/maisonmathilde.mu\/en\/wp-json\/wp\/v2\/product\/1118\/revisions"}],"predecessor-version":[{"id":2642,"href":"https:\/\/maisonmathilde.mu\/en\/wp-json\/wp\/v2\/product\/1118\/revisions\/2642"}],"wp:featuredmedia":[{"embeddable":true,"href":"https:\/\/maisonmathilde.mu\/en\/wp-json\/wp\/v2\/media\/807"}],"wp:attachment":[{"href":"https:\/\/maisonmathilde.mu\/en\/wp-json\/wp\/v2\/media?parent=1118"}],"wp:term":[{"taxonomy":"product_brand","embeddable":true,"href":"https:\/\/maisonmathilde.mu\/en\/wp-json\/wp\/v2\/product_brand?post=1118"},{"taxonomy":"product_cat","embeddable":true,"href":"https:\/\/maisonmathilde.mu\/en\/wp-json\/wp\/v2\/product_cat?post=1118"},{"taxonomy":"product_tag","embeddable":true,"href":"https:\/\/maisonmathilde.mu\/en\/wp-json\/wp\/v2\/product_tag?post=1118"}],"curies":[{"name":"wp","href":"https:\/\/api.w.org\/{rel}","templated":true}]}}

Ombre à paupières 004 Prune Minérale

<p>L’Ombre à paupières Prune Minérale d’Eclo, aux <strong>cires végétales</strong> et à <strong>l’huile de chanvre bio de Bretagne</strong>, connu pour ses propriétés <strong>hydratantes</strong> et <strong>régénérantes</strong> apportant <strong>douceur et élasticité</strong> à la peau.</p>
<p>Une ombre aux teintes de <strong>prune profonde</strong> à la subtile touche de marron. Une teinte de prune qui <strong>convient à tous les regards</strong>.</p>
<p>Cette Ombre à paupières vous procurera une <strong>expérience sensorielle unique</strong> grâce à sa formule <strong>semi-solide</strong> à base de cire végétale. Une fois chauffée, sa texture se fondra instantanément sur vos paupières.</p>
<p>Habillez votre regard d’une <strong>teinte universelle inspirée de la nature</strong>. Un regard sublimé et intensifié en un geste, au fini mat ou irisé.</p>
<p>&nbsp;</p>
<p><strong>1 pot Eclo = 10g de produit, soit 1 an minimum pour une utilisation quotidienne.</strong></p>
<p>100% d&#8217;origine naturelle. Bio. Vegan. Sans test sur les animaux. Certifié Cosmos Organic par Ecocert Greenlife. Made in France 🇫🇷</p>

<p>L’Ombre à paupières Prune Minérale d’Eclo, aux <strong>cires végétales</strong> et à <strong>l’huile de chanvre bio de Bretagne</strong>, connu pour ses propriétés <strong>hydratantes</strong> et <strong>régénérantes</strong> apportant <strong>douceur et élasticité</strong> à la peau.</p>
<p>Une ombre aux teintes de <strong>prune profonde</strong> à la subtile touche de marron. Une teinte de prune qui <strong>convient à tous les regards</strong>.</p>
