{"id":1086,"date":"2025-03-08T14:35:05","date_gmt":"2025-03-08T14:35:05","guid":{"rendered":"https:\/\/maisonmathilde.artover.fr\/produit\/gel-douche-au-jasmin\/"},"modified":"2026-04-15T09:35:08","modified_gmt":"2026-04-15T05:35:08","slug":"gel-douche-au-jasmin","status":"publish","type":"product","link":"https:\/\/maisonmathilde.mu\/en\/produit\/gel-douche-au-jasmin\/","title":{"rendered":"Gel douche au jasmin"},"content":{"rendered":"<p>Formul\u00e9 \u00e0 partir de <strong>savon d\u2019Alep liquide 5 %<\/strong> HBL, le gel douche au jasmin Najel est une v\u00e9ritable caresse pour la peau. Compos\u00e9 <strong>d\u2019huiles v\u00e9g\u00e9tales bio<\/strong> d\u2019olive et de baies de laurier, ce gel douche <strong>hydrate<\/strong> et <strong>nourrit<\/strong> la peau en douceur. Sa texture <strong>fluide<\/strong> et <strong>fondante<\/strong> g\u00e9n\u00e8re une mousse l\u00e9g\u00e8re et d\u00e9licatement <strong>parfum\u00e9e au jasmin<\/strong>, offrant une exp\u00e9rience sensorielle unique. Id\u00e9al pour un usage quotidien, il <strong>nettoie<\/strong> parfaitement le visage et le corps, tout en laissant la <strong>peau douce, nourrie et apais\u00e9e<\/strong>.<\/p>\n<p><span style=\"text-decoration: underline;\">Types de peaux :<\/span><\/p>\n<p>\u2705 Peaux sensibles : Apporte douceur et confort, respectant les peaux r\u00e9actives.<br \/>\n\u2705 Peaux s\u00e8ches : Hydrate et nourrit pour \u00e9viter le dess\u00e8chement de la peau.<br \/>\n\u2705 Peaux normales : Nettoie en douceur tout en maintenant l\u2019hydratation naturelle de l\u2019\u00e9piderme.<\/p>\n<p>Ecocertification \/ Vegan \/ 100% d\u2019ingr\u00e9dients d\u2019origine naturelle<br \/>\n\u267b Packaging en rPET recycl\u00e9 et recyclable<br \/>\nMade in France \ud83c\uddeb\ud83c\uddf7<\/p>\n","protected":false},"excerpt":{"rendered":"<p>Formul\u00e9 \u00e0 partir de <strong>savon d\u2019Alep liquide 5 %<\/strong> HBL, le gel douche au jasmin Najel est une v\u00e9ritable caresse pour la peau. Compos\u00e9 <strong>d\u2019huiles v\u00e9g\u00e9tales bio<\/strong> d\u2019olive et de baies de laurier, ce gel douche <strong>hydrate<\/strong> et <strong>nourrit<\/strong> la peau en douceur. Sa texture <strong>fluide<\/strong> et <strong>fondante<\/strong> g\u00e9n\u00e8re une mousse l\u00e9g\u00e8re et d\u00e9licatement <strong>parfum\u00e9e au jasmin<\/strong>, offrant une exp\u00e9rience sensorielle unique. Id\u00e9al pour un usage quotidien, il <strong>nettoie<\/strong> parfaitement le visage et le corps, tout en laissant la <strong>peau douce, nourrie et apais\u00e9e<\/strong>.<\/p>\n","protected":false},"featured_media":869,"template":"","meta":{"_acf_changed":false},"product_brand":[24],"product_cat":[16,59],"product_tag":[],"class_list":{"0":"post-1086","1":"product","2":"type-product","3":"status-publish","4":"has-post-thumbnail","6":"product_brand-najel","7":"product_cat-corps","8":"product_cat-gel-douche-et-savon","10":"first","11":"outofstock","12":"purchasable","13":"product-type-simple"},"acf":[],"_links":{"self":[{"href":"https:\/\/maisonmathilde.mu\/en\/wp-json\/wp\/v2\/product\/1086","targetHints":{"allow":["GET"]}}],"collection":[{"href":"https:\/\/maisonmathilde.mu\/en\/wp-json\/wp\/v2\/product"}],"about":[{"href":"https:\/\/maisonmathilde.mu\/en\/wp-json\/wp\/v2\/types\/product"}],"version-history":[{"count":3,"href":"https:\/\/maisonmathilde.mu\/en\/wp-json\/wp\/v2\/product\/1086\/revisions"}],"predecessor-version":[{"id":2351,"href":"https:\/\/maisonmathilde.mu\/en\/wp-json\/wp\/v2\/product\/1086\/revisions\/2351"}],"wp:featuredmedia":[{"embeddable":true,"href":"https:\/\/maisonmathilde.mu\/en\/wp-json\/wp\/v2\/media\/869"}],"wp:attachment":[{"href":"https:\/\/maisonmathilde.mu\/en\/wp-json\/wp\/v2\/media?parent=1086"}],"wp:term":[{"taxonomy":"product_brand","embeddable":true,"href":"https:\/\/maisonmathilde.mu\/en\/wp-json\/wp\/v2\/product_brand?post=1086"},{"taxonomy":"product_cat","embeddable":true,"href":"https:\/\/maisonmathilde.mu\/en\/wp-json\/wp\/v2\/product_cat?post=1086"},{"taxonomy":"product_tag","embeddable":true,"href":"https:\/\/maisonmathilde.mu\/en\/wp-json\/wp\/v2\/product_tag?post=1086"}],"curies":[{"name":"wp","href":"https:\/\/api.w.org\/{rel}","templated":true}]}}

<p>Formulé à partir de <strong>savon d’Alep liquide 5 %</strong> HBL, le gel douche au jasmin Najel est une véritable caresse pour la peau. Composé <strong>d’huiles végétales bio</strong> d’olive et de baies de laurier, ce gel douche <strong>hydrate</strong> et <strong>nourrit</strong> la peau en douceur. Sa texture <strong>fluide</strong> et <strong>fondante</strong> génère une mousse légère et délicatement <strong>parfumée au jasmin</strong>, offrant une expérience sensorielle unique. Idéal pour un usage quotidien, il <strong>nettoie</strong> parfaitement le visage et le corps, tout en laissant la <strong>peau douce, nourrie et apaisée</strong>.</p>
<p><span style="text-decoration: underline;">Types de peaux :</span></p>
<p>✅ Peaux sensibles : Apporte douceur et confort, respectant les peaux réactives.<br />
✅ Peaux sèches : Hydrate et nourrit pour éviter le dessèchement de la peau.<br />
✅ Peaux normales : Nettoie en douceur tout en maintenant l’hydratation naturelle de l’épiderme.</p>
<p>Ecocertification / Vegan / 100% d’ingrédients d’origine naturelle<br />
♻ Packaging en rPET recyclé et recyclable<br />
Made in France 🇫🇷</p>

<p>Formulé à partir de <strong>savon d’Alep liquide 5 %</strong> HBL, le gel douche au jasmin Najel est une véritable caresse pour la peau. Composé <strong>d’huiles végétales bio</strong> d’olive et de baies de laurier, ce gel douche <strong>hydrate</strong> et <strong>nourrit</strong> la peau en douceur. Sa texture <strong>fluide</strong> et <strong>fondante</strong> génère une mousse légère et délicatement <strong>parfumée au jasmin</strong>, offrant une expérience sensorielle unique. Idéal pour un usage quotidien, il <strong>nettoie</strong> parfaitement le visage et le corps, tout en laissant la <strong>peau douce, nourrie et apaisée</strong>.</p>
