{"id":1064,"date":"2025-03-08T14:35:05","date_gmt":"2025-03-08T14:35:05","guid":{"rendered":"https:\/\/maisonmathilde.artover.fr\/produit\/masque-cheveux\/"},"modified":"2026-04-11T15:12:59","modified_gmt":"2026-04-11T11:12:59","slug":"masque-cheveux","status":"publish","type":"product","link":"https:\/\/maisonmathilde.mu\/en\/produit\/masque-cheveux\/","title":{"rendered":"Masque cheveux"},"content":{"rendered":"<p>Offrez \u00e0 vos cheveux un <strong>bain de nutrition intense<\/strong> avec le masque d\u00e9m\u00ealant <strong>sans parfum<\/strong> de Najel. Con\u00e7u pour tous les types de cheveux, il est particuli\u00e8rement appr\u00e9ci\u00e9 des <strong>cheveux boucl\u00e9s<\/strong> gr\u00e2ce \u00e0 son <strong>effet sublimateur de boucles<\/strong>.<\/p>\n<p>Sa formule riche en beurre de karit\u00e9 bio, huile d\u2019olive bio et huile de baies de laurier bio <strong>nourrit<\/strong>, <strong>prot\u00e8ge<\/strong> et <strong>r\u00e9pare<\/strong> la fibre capillaire en profondeur.<\/p>\n<p>\u2705 <strong>D\u00e9m\u00eale<\/strong> sans alourdir<br \/>\n\u2705 <strong>Hydrate<\/strong> et nourrit intens\u00e9ment<br \/>\n\u2705 <strong>Sublime<\/strong> les boucles naturellement<br \/>\n\u2705 <strong>Renforce<\/strong> et prot\u00e8ge la fibre capillaire<br \/>\n\u2705 99% d\u2019ingr\u00e9dients d\u2019origine naturelle<\/p>\n<p><span style=\"text-decoration: underline;\">Pour quel type de cheveux ?<\/span><\/p>\n<p>\u2705 Tous types de cheveux<br \/>\n\u2705 Cheveux boucl\u00e9s en manque de d\u00e9finition<br \/>\n\u2705 Cheveux secs et ab\u00eem\u00e9s n\u00e9cessitant une hydratation intense<\/p>\n<p>Ecocertification \/ vegan 100% d\u2019ingr\u00e9dients d\u2019origine naturelle<br \/>\n\u267b Packaging en rPET recycl\u00e9 et recyclable<br \/>\nMade in France<\/p>\n","protected":false},"excerpt":{"rendered":"<p>Offrez \u00e0 vos cheveux un <strong>bain de nutrition intense<\/strong> avec le masque d\u00e9m\u00ealant <strong>sans parfum<\/strong> de Najel.<\/p>\n<p>\u2705 <strong>D\u00e9m\u00eale<\/strong> sans alourdir<br \/>\n\u2705 <strong>Hydrate<\/strong> et nourrit intens\u00e9ment<br \/>\n\u2705 <strong>Sublime<\/strong> les boucles naturellement<br \/>\n\u2705 <strong>Renforce<\/strong> et prot\u00e8ge la fibre capillaire<br \/>\n\u2705 99% d\u2019ingr\u00e9dients d\u2019origine naturelle<\/p>\n","protected":false},"featured_media":882,"template":"","meta":{"_acf_changed":false},"product_brand":[24],"product_cat":[69,20],"product_tag":[],"class_list":{"0":"post-1064","1":"product","2":"type-product","3":"status-publish","4":"has-post-thumbnail","6":"product_brand-najel","7":"product_cat-apres-shampoing-et-masques","8":"product_cat-cheveux","10":"first","11":"instock","12":"sale","13":"purchasable","14":"product-type-simple"},"acf":[],"_links":{"self":[{"href":"https:\/\/maisonmathilde.mu\/en\/wp-json\/wp\/v2\/product\/1064","targetHints":{"allow":["GET"]}}],"collection":[{"href":"https:\/\/maisonmathilde.mu\/en\/wp-json\/wp\/v2\/product"}],"about":[{"href":"https:\/\/maisonmathilde.mu\/en\/wp-json\/wp\/v2\/types\/product"}],"version-history":[{"count":3,"href":"https:\/\/maisonmathilde.mu\/en\/wp-json\/wp\/v2\/product\/1064\/revisions"}],"predecessor-version":[{"id":2320,"href":"https:\/\/maisonmathilde.mu\/en\/wp-json\/wp\/v2\/product\/1064\/revisions\/2320"}],"wp:featuredmedia":[{"embeddable":true,"href":"https:\/\/maisonmathilde.mu\/en\/wp-json\/wp\/v2\/media\/882"}],"wp:attachment":[{"href":"https:\/\/maisonmathilde.mu\/en\/wp-json\/wp\/v2\/media?parent=1064"}],"wp:term":[{"taxonomy":"product_brand","embeddable":true,"href":"https:\/\/maisonmathilde.mu\/en\/wp-json\/wp\/v2\/product_brand?post=1064"},{"taxonomy":"product_cat","embeddable":true,"href":"https:\/\/maisonmathilde.mu\/en\/wp-json\/wp\/v2\/product_cat?post=1064"},{"taxonomy":"product_tag","embeddable":true,"href":"https:\/\/maisonmathilde.mu\/en\/wp-json\/wp\/v2\/product_tag?post=1064"}],"curies":[{"name":"wp","href":"https:\/\/api.w.org\/{rel}","templated":true}]}}

<p>Offrez à vos cheveux un <strong>bain de nutrition intense</strong> avec le masque démêlant <strong>sans parfum</strong> de Najel. Conçu pour tous les types de cheveux, il est particulièrement apprécié des <strong>cheveux bouclés</strong> grâce à son <strong>effet sublimateur de boucles</strong>.</p>
<p>Sa formule riche en beurre de karité bio, huile d’olive bio et huile de baies de laurier bio <strong>nourrit</strong>, <strong>protège</strong> et <strong>répare</strong> la fibre capillaire en profondeur.</p>
<p>✅ <strong>Démêle</strong> sans alourdir<br />
✅ <strong>Hydrate</strong> et nourrit intensément<br />
✅ <strong>Sublime</strong> les boucles naturellement<br />
✅ <strong>Renforce</strong> et protège la fibre capillaire<br />
✅ 99% d’ingrédients d’origine naturelle</p>
<p><span style="text-decoration: underline;">Pour quel type de cheveux ?</span></p>
<p>✅ Tous types de cheveux<br />
✅ Cheveux bouclés en manque de définition<br />
✅ Cheveux secs et abîmés nécessitant une hydratation intense</p>
<p>Ecocertification / vegan 100% d’ingrédients d’origine naturelle<br />
♻ Packaging en rPET recyclé et recyclable<br />
Made in France</p>

<p>Offrez à vos cheveux un <strong>bain de nutrition intense</strong> avec le masque démêlant <strong>sans parfum</strong> de Najel.</p>
<p>✅ <strong>Démêle</strong> sans alourdir<br />
✅ <strong>Hydrate</strong> et nourrit intensément<br />
✅ <strong>Sublime</strong> les boucles naturellement<br />
✅ <strong>Renforce</strong> et protège la fibre capillaire<br />
✅ 99% d’ingrédients d’origine naturelle</p>
