{"id":1046,"date":"2025-03-08T14:34:54","date_gmt":"2025-03-08T14:34:54","guid":{"rendered":"https:\/\/maisonmathilde.artover.fr\/produit\/baume-a-levre-karite\/"},"modified":"2026-03-14T14:34:07","modified_gmt":"2026-03-14T10:34:07","slug":"baume-a-levre-karite","status":"publish","type":"product","link":"https:\/\/maisonmathilde.mu\/en\/produit\/baume-a-levre-karite\/","title":{"rendered":"Baume \u00e0 l\u00e8vre karit\u00e9"},"content":{"rendered":"<p>Le baume \u00e0 l\u00e8vres Najel, <strong>enrichi en beurre de karit\u00e9 bio<\/strong> et en huiles v\u00e9g\u00e9tales pr\u00e9cieuses, offre une <strong>nutrition intense<\/strong> et une <strong>protection optimale<\/strong> contre les agressions ext\u00e9rieures. Que ce soit face au froid de l\u2019hiver ou \u00e0 la <strong>s\u00e9cheresse de l&#8217;\u00e9t\u00e9<\/strong>, ce soin naturel <strong>prot\u00e8ge<\/strong> et <strong>r\u00e9pare<\/strong> vos l\u00e8vres en profondeur.<\/p>\n<p>Son <strong>format compact<\/strong> en pot de verre permet une conservation optimale et une d\u00e9marche \u00e9coresponsable en limitant l\u2019usage du plastique.<\/p>\n<p>\u2705 L\u00e8vres s\u00e8ches et gerc\u00e9es<br \/>\n\u2705 L\u00e8vres sensibles aux variations climatiques<br \/>\n\u2705 Toutes les l\u00e8vres en qu\u00eate de douceur et d\u2019hydratation<\/p>\n<p>Ecocertification \/ Vegan \/ 100% d\u2019ingr\u00e9dients d\u2019origine naturelle<br \/>\n\u267b Packaging en rPET recycl\u00e9 et recyclable<br \/>\nMade in France \ud83c\uddeb\ud83c\uddf7<\/p>\n","protected":false},"excerpt":{"rendered":"<p>Le baume \u00e0 l\u00e8vres Najel, <strong>enrichi en beurre de karit\u00e9 bio<\/strong> et en huiles v\u00e9g\u00e9tales pr\u00e9cieuses, offre une <strong>nutrition intense<\/strong> et une <strong>protection optimale<\/strong> contre les agressions ext\u00e9rieures. Que ce soit face au froid de l\u2019hiver ou \u00e0 la <strong>s\u00e9cheresse de l&#8217;\u00e9t\u00e9<\/strong>, ce soin naturel <strong>prot\u00e8ge<\/strong> et <strong>r\u00e9pare<\/strong> vos l\u00e8vres en profondeur.<\/p>\n<p>Son <strong>format compact<\/strong> en pot de verre permet une conservation optimale et une d\u00e9marche \u00e9coresponsable en limitant l\u2019usage du plastique.<\/p>\n","protected":false},"featured_media":1380,"template":"","meta":{"_acf_changed":false},"product_brand":[24],"product_cat":[56,21],"product_tag":[],"class_list":{"0":"post-1046","1":"product","2":"type-product","3":"status-publish","4":"has-post-thumbnail","6":"product_brand-najel","7":"product_cat-soins-des-levres","8":"product_cat-visage","10":"first","11":"outofstock","12":"purchasable","13":"product-type-simple"},"acf":[],"_links":{"self":[{"href":"https:\/\/maisonmathilde.mu\/en\/wp-json\/wp\/v2\/product\/1046","targetHints":{"allow":["GET"]}}],"collection":[{"href":"https:\/\/maisonmathilde.mu\/en\/wp-json\/wp\/v2\/product"}],"about":[{"href":"https:\/\/maisonmathilde.mu\/en\/wp-json\/wp\/v2\/types\/product"}],"version-history":[{"count":4,"href":"https:\/\/maisonmathilde.mu\/en\/wp-json\/wp\/v2\/product\/1046\/revisions"}],"predecessor-version":[{"id":2394,"href":"https:\/\/maisonmathilde.mu\/en\/wp-json\/wp\/v2\/product\/1046\/revisions\/2394"}],"wp:featuredmedia":[{"embeddable":true,"href":"https:\/\/maisonmathilde.mu\/en\/wp-json\/wp\/v2\/media\/1380"}],"wp:attachment":[{"href":"https:\/\/maisonmathilde.mu\/en\/wp-json\/wp\/v2\/media?parent=1046"}],"wp:term":[{"taxonomy":"product_brand","embeddable":true,"href":"https:\/\/maisonmathilde.mu\/en\/wp-json\/wp\/v2\/product_brand?post=1046"},{"taxonomy":"product_cat","embeddable":true,"href":"https:\/\/maisonmathilde.mu\/en\/wp-json\/wp\/v2\/product_cat?post=1046"},{"taxonomy":"product_tag","embeddable":true,"href":"https:\/\/maisonmathilde.mu\/en\/wp-json\/wp\/v2\/product_tag?post=1046"}],"curies":[{"name":"wp","href":"https:\/\/api.w.org\/{rel}","templated":true}]}}

Baume à lèvre karité

<p>Le baume à lèvres Najel, <strong>enrichi en beurre de karité bio</strong> et en huiles végétales précieuses, offre une <strong>nutrition intense</strong> et une <strong>protection optimale</strong> contre les agressions extérieures. Que ce soit face au froid de l’hiver ou à la <strong>sécheresse de l&#8217;été</strong>, ce soin naturel <strong>protège</strong> et <strong>répare</strong> vos lèvres en profondeur.</p>
<p>Son <strong>format compact</strong> en pot de verre permet une conservation optimale et une démarche écoresponsable en limitant l’usage du plastique.</p>
<p>✅ Lèvres sèches et gercées<br />
✅ Lèvres sensibles aux variations climatiques<br />
✅ Toutes les lèvres en quête de douceur et d’hydratation</p>
<p>Ecocertification / Vegan / 100% d’ingrédients d’origine naturelle<br />
♻ Packaging en rPET recyclé et recyclable<br />
Made in France 🇫🇷</p>

<p>Le baume à lèvres Najel, <strong>enrichi en beurre de karité bio</strong> et en huiles végétales précieuses, offre une <strong>nutrition intense</strong> et une <strong>protection optimale</strong> contre les agressions extérieures. Que ce soit face au froid de l’hiver ou à la <strong>sécheresse de l&#8217;été</strong>, ce soin naturel <strong>protège</strong> et <strong>répare</strong> vos lèvres en profondeur.</p>
<p>Son <strong>format compact</strong> en pot de verre permet une conservation optimale et une démarche écoresponsable en limitant l’usage du plastique.</p>
